{"id":2604,"date":"2017-06-28T23:06:02","date_gmt":"2017-06-28T20:06:02","guid":{"rendered":"http:\/\/www.univ-chlef.dz\/FSEI\/?page_id=2604"},"modified":"2022-04-24T13:47:44","modified_gmt":"2022-04-24T10:47:44","slug":"reglementation","status":"publish","type":"page","link":"https:\/\/fsei.univ-chlef.dz\/?page_id=2604","title":{"rendered":"Reglementation"},"content":{"rendered":"<p>[divider]<\/p>\n<ul>\n<li><span style=\"font-size: 10pt;\"><span style=\"font-family: Tahoma;\"><span style=\"font-family: tahoma,arial,helvetica,sans-serif;\">D\u00e9cret ex\u00e9cutif n\u00b0 98-254 du 17 Ao\u00fbt 1998 relatif \u00e0 la formation doctorale, \u00e0 la post-graduation sp\u00e9cialis\u00e9e et \u00e0 l&rsquo;habilitation universitaire, modifi\u00e9 et compl\u00e9t\u00e9.<\/span><\/span><\/span><\/li>\n<\/ul>\n<p style=\"text-align: left; padding-left: 90px;\"><span style=\"font-family: tahoma,arial,helvetica,sans-serif; font-size: 10pt;\"><strong> <a href=\"https:\/\/fsei.univ-chlef.dz\/wp-content\/uploads\/2017\/05\/Texte-1-fr.pdf\">[wp-svg-icons icon=\u00a0\u00bbfile-pdf\u00a0\u00bb wrap=\u00a0\u00bbi\u00a0\u00bb size=\u00a0\u00bb16pt\u00a0\u00bb color=\u00a0\u00bb#FF0000&Prime;]<\/a> Fr \u00a0 \u00a0 \u00a0 \u00a0 \u00a0 \u00a0 \u00a0 \u00a0 \u00a0 \u00a0 \u00a0 \u00a0 \u00a0 <\/strong> <strong><a href=\"https:\/\/fsei.univ-chlef.dz\/wp-content\/uploads\/2017\/05\/Texte-1-ar.pdf\">[wp-svg-icons icon=\u00a0\u00bbfile-pdf\u00a0\u00bb wrap=\u00a0\u00bbi\u00a0\u00bb size=\u00a0\u00bb16pt\u00a0\u00bb color=\u00a0\u00bb#FF0000&Prime;]<\/a> Ar<\/strong><\/span><\/p>\n<p>&nbsp;<\/p>\n<ul>\n<li><span style=\"font-family: tahoma,arial,helvetica,sans-serif; font-size: 10pt;\">D\u00e9cret ex\u00e9cutif n\u00b0 10-231 du 02 octobre 2010 portant statut du doctorant.<\/span><\/li>\n<\/ul>\n<p style=\"text-align: left; padding-left: 90px;\"><span style=\"font-family: tahoma,arial,helvetica,sans-serif; font-size: 10pt;\"><strong> <a href=\"https:\/\/fsei.univ-chlef.dz\/wp-content\/uploads\/2017\/05\/Fr.pdf\"> [wp-svg-icons icon=\u00a0\u00bbfile-pdf\u00a0\u00bb wrap=\u00a0\u00bbi\u00a0\u00bb size=\u00a0\u00bb16pt\u00a0\u00bb color=\u00a0\u00bb#FF0000&Prime;]<\/a> Fr \u00a0 \u00a0 \u00a0 \u00a0 \u00a0 \u00a0 \u00a0 \u00a0 \u00a0 \u00a0 \u00a0 \u00a0 \u00a0 <\/strong> <strong><a href=\"https:\/\/fsei.univ-chlef.dz\/wp-content\/uploads\/2017\/05\/Ar.pdf\">[wp-svg-icons icon=\u00a0\u00bbfile-pdf\u00a0\u00bb wrap=\u00a0\u00bbi\u00a0\u00bb size=\u00a0\u00bb16pt\u00a0\u00bb color=\u00a0\u00bb#FF0000&Prime;]<\/a> Ar<\/strong><\/span><\/p>\n<p>&nbsp;<\/p>\n<ul>\n<li><span style=\"font-size: 10pt;\"><span style=\"font-family: Tahoma;\"><span style=\"font-family: tahoma,arial,helvetica,sans-serif;\">Arr\u00eate n\u00b0 521 du <\/span><\/span><\/span>\u200b<span style=\"font-family: tahoma,arial,helvetica,sans-serif; font-size: 10pt;\">05 <\/span><span style=\"font-size: 10pt;\"><span style=\"font-family: Tahoma;\"><span style=\"font-family: tahoma,arial,helvetica,sans-serif;\">septembre 2013 fixant les modalit\u00e9s de mise en \u0153uvre des dispositions de l&rsquo;habilitation universitaire<\/span><\/span><\/span><span style=\"font-size: 10pt;\"><span style=\"font-family: Tahoma;\"><span style=\"font-family: tahoma,arial,helvetica,sans-serif;\">.<\/span><\/span><\/span><\/li>\n<\/ul>\n<p style=\"text-align: left; padding-left: 90px;\"><span style=\"font-family: tahoma,arial,helvetica,sans-serif; font-size: 10pt;\"><strong> <a href=\"https:\/\/fsei.univ-chlef.dz\/wp-content\/uploads\/2017\/05\/Texte-4-fr.pdf\">[wp-svg-icons icon=\u00a0\u00bbfile-pdf\u00a0\u00bb wrap=\u00a0\u00bbi\u00a0\u00bb size=\u00a0\u00bb16pt\u00a0\u00bb color=\u00a0\u00bb#FF0000&Prime;]<\/a> Fr \u00a0 \u00a0 \u00a0 \u00a0 \u00a0 \u00a0 \u00a0 \u00a0 \u00a0 \u00a0 \u00a0 \u00a0 \u00a0 <\/strong> <strong><a href=\"https:\/\/fsei.univ-chlef.dz\/wp-content\/uploads\/2017\/05\/Texte-4-ar.pdf\">[wp-svg-icons icon=\u00a0\u00bbfile-pdf\u00a0\u00bb wrap=\u00a0\u00bbi\u00a0\u00bb size=\u00a0\u00bb16pt\u00a0\u00bb color=\u00a0\u00bb#FF0000&Prime;]<\/a> Ar<\/strong><\/span><\/p>\n<p>&nbsp;<\/p>\n<ul>\n<li><span style=\"font-size: 10pt;\"><span style=\"font-size: 10pt;\"><span style=\"font-family: Tahoma;\">Arr\u00eat\u00e9 n\u00b0 547 du <\/span><\/span><\/span>\u200b<span style=\"font-family: tahoma,arial,helvetica,sans-serif; font-size: 10pt;\">02<\/span><span style=\"font-size: 10pt;\"><span style=\"font-size: 10pt;\"><span style=\"font-family: Tahoma;\"> juin 2016 fixant les modalit\u00e9s d&rsquo;organisation <\/span><\/span><\/span><span style=\"font-size: 10pt;\"><span style=\"font-size: 10pt;\"><span style=\"font-family: Tahoma;\">de la formation de troisi\u00e8me<\/span><\/span><\/span>\u200b <span style=\"font-size: 10pt;\"><span style=\"font-family: Tahoma;\">cycle et les conditions de pr\u00e9paration et de soutenance de la th\u00e8se de doctorat.<\/span><\/span><\/li>\n<\/ul>\n<p style=\"text-align: left; padding-left: 90px;\"><span style=\"font-family: tahoma,arial,helvetica,sans-serif; font-size: 10pt;\"><strong> <a href=\"https:\/\/fsei.univ-chlef.dz\/wp-content\/uploads\/2017\/05\/Texte-3-fr.pdf\">[wp-svg-icons icon=\u00a0\u00bbfile-pdf\u00a0\u00bb wrap=\u00a0\u00bbi\u00a0\u00bb size=\u00a0\u00bb16pt\u00a0\u00bb color=\u00a0\u00bb#FF0000&Prime;]<\/a> Fr \u00a0 \u00a0 \u00a0 \u00a0 \u00a0 \u00a0 \u00a0 \u00a0 \u00a0 \u00a0 \u00a0 \u00a0 \u00a0 <\/strong> <strong><a href=\"https:\/\/fsei.univ-chlef.dz\/wp-content\/uploads\/2017\/05\/Texte-3-ar.pdf\">[wp-svg-icons icon=\u00a0\u00bbfile-pdf\u00a0\u00bb wrap=\u00a0\u00bbi\u00a0\u00bb size=\u00a0\u00bb16pt\u00a0\u00bb color=\u00a0\u00bb#FF0000&Prime;]<\/a> Ar<\/strong><\/span><\/p>\n","protected":false},"excerpt":{"rendered":"<p>[divider] D\u00e9cret ex\u00e9cutif n\u00b0 98-254 du 17 Ao\u00fbt 1998 relatif \u00e0 la formation doctorale, \u00e0 la post-graduation sp\u00e9cialis\u00e9e et \u00e0 [&hellip;]<\/p>\n","protected":false},"author":7,"featured_media":0,"parent":561,"menu_order":0,"comment_status":"closed","ping_status":"closed","template":"","meta":{"_uag_custom_page_level_css":"","site-sidebar-layout":"default","site-content-layout":"","ast-site-content-layout":"default","site-content-style":"default","site-sidebar-style":"default","ast-global-header-display":"","ast-banner-title-visibility":"","ast-main-header-display":"","ast-hfb-above-header-display":"","ast-hfb-below-header-display":"","ast-hfb-mobile-header-display":"","site-post-title":"","ast-breadcrumbs-content":"","ast-featured-img":"","footer-sml-layout":"","ast-disable-related-posts":"","theme-transparent-header-meta":"","adv-header-id-meta":"","stick-header-meta":"","header-above-stick-meta":"","header-main-stick-meta":"","header-below-stick-meta":"","astra-migrate-meta-layouts":"default","ast-page-background-enabled":"default","ast-page-background-meta":{"desktop":{"background-color":"var(--ast-global-color-5)","background-image":"","background-repeat":"repeat","background-position":"center center","background-size":"auto","background-attachment":"scroll","background-type":"","background-media":"","overlay-type":"","overlay-color":"","overlay-opacity":"","overlay-gradient":""},"tablet":{"background-color":"","background-image":"","background-repeat":"repeat","background-position":"center center","background-size":"auto","background-attachment":"scroll","background-type":"","background-media":"","overlay-type":"","overlay-color":"","overlay-opacity":"","overlay-gradient":""},"mobile":{"background-color":"","background-image":"","background-repeat":"repeat","background-position":"center center","background-size":"auto","background-attachment":"scroll","background-type":"","background-media":"","overlay-type":"","overlay-color":"","overlay-opacity":"","overlay-gradient":""}},"ast-content-background-meta":{"desktop":{"background-color":"var(--ast-global-color-4)","background-image":"","background-repeat":"repeat","background-position":"center center","background-size":"auto","background-attachment":"scroll","background-type":"","background-media":"","overlay-type":"","overlay-color":"","overlay-opacity":"","overlay-gradient":""},"tablet":{"background-color":"var(--ast-global-color-4)","background-image":"","background-repeat":"repeat","background-position":"center center","background-size":"auto","background-attachment":"scroll","background-type":"","background-media":"","overlay-type":"","overlay-color":"","overlay-opacity":"","overlay-gradient":""},"mobile":{"background-color":"var(--ast-global-color-4)","background-image":"","background-repeat":"repeat","background-position":"center center","background-size":"auto","background-attachment":"scroll","background-type":"","background-media":"","overlay-type":"","overlay-color":"","overlay-opacity":"","overlay-gradient":""}},"footnotes":""},"class_list":["post-2604","page","type-page","status-publish","hentry"],"uagb_featured_image_src":{"full":false,"thumbnail":false,"medium":false,"medium_large":false,"large":false,"1536x1536":false,"2048x2048":false},"uagb_author_info":{"display_name":"","author_link":"https:\/\/fsei.univ-chlef.dz\/?author=7"},"uagb_comment_info":0,"uagb_excerpt":"[divider] D\u00e9cret ex\u00e9cutif n\u00b0 98-254 du 17 Ao\u00fbt 1998 relatif \u00e0 la formation doctorale, \u00e0 la post-graduation sp\u00e9cialis\u00e9e et \u00e0 [&hellip;]","_links":{"self":[{"href":"https:\/\/fsei.univ-chlef.dz\/index.php?rest_route=\/wp\/v2\/pages\/2604","targetHints":{"allow":["GET"]}}],"collection":[{"href":"https:\/\/fsei.univ-chlef.dz\/index.php?rest_route=\/wp\/v2\/pages"}],"about":[{"href":"https:\/\/fsei.univ-chlef.dz\/index.php?rest_route=\/wp\/v2\/types\/page"}],"author":[{"embeddable":true,"href":"https:\/\/fsei.univ-chlef.dz\/index.php?rest_route=\/wp\/v2\/users\/7"}],"replies":[{"embeddable":true,"href":"https:\/\/fsei.univ-chlef.dz\/index.php?rest_route=%2Fwp%2Fv2%2Fcomments&post=2604"}],"version-history":[{"count":4,"href":"https:\/\/fsei.univ-chlef.dz\/index.php?rest_route=\/wp\/v2\/pages\/2604\/revisions"}],"predecessor-version":[{"id":7169,"href":"https:\/\/fsei.univ-chlef.dz\/index.php?rest_route=\/wp\/v2\/pages\/2604\/revisions\/7169"}],"up":[{"embeddable":true,"href":"https:\/\/fsei.univ-chlef.dz\/index.php?rest_route=\/wp\/v2\/pages\/561"}],"wp:attachment":[{"href":"https:\/\/fsei.univ-chlef.dz\/index.php?rest_route=%2Fwp%2Fv2%2Fmedia&parent=2604"}],"curies":[{"name":"wp","href":"https:\/\/api.w.org\/{rel}","templated":true}]}}