{"id":563,"date":"2017-02-05T14:22:40","date_gmt":"2017-02-05T11:22:40","guid":{"rendered":"http:\/\/www.univ-chlef.dz\/FSEI\/?page_id=563"},"modified":"2022-04-24T13:41:19","modified_gmt":"2022-04-24T10:41:19","slug":"missions-et-tache","status":"publish","type":"page","link":"https:\/\/fsei.univ-chlef.dz\/?page_id=563","title":{"rendered":"Missions et t\u00e2ches"},"content":{"rendered":"<p>[divider]<br \/>\n<span style=\"font-size: 13px; font-family: Tahoma;\">Le conseil scientifique de la facult\u00e9 \u00e9met des avis et recommandations sur : <\/span><\/p>\n<div class=\"checklist\">\n<ul>\n<li><span style=\"font-size: 13px; font-family: Tahoma;\">L&rsquo;organisation et le contenu des enseignements,<\/span><\/li>\n<li><span style=\"font-size: 13px; font-family: Tahoma;\">L&rsquo;organisation des travaux de recherche,<\/span><\/li>\n<li><span style=\"font-size: 13px; font-family: Tahoma;\">Les propositions de programmes de recherche,<\/span><\/li>\n<li><span style=\"font-size: 13px; font-family: Tahoma;\">Les propositions de cr\u00e9ation ou de suppression de d\u00e9partements et\/ou de fili\u00e8res et d\u2019unit\u00e9s et de laboratoires de recherche, les propositions d&rsquo;ouverture, de reconduction et\/oude fermeture des fili\u00e8res de post-graduation et le nombre de postes \u00e0 pourvoir,\u00a0<\/span><\/li>\n<li><span style=\"font-size: 13px; font-family: Tahoma;\">Les profils et les besoins en enseignants. <\/span><\/li>\n<\/ul>\n<\/div>\n<p><span style=\"font-size: 13px; font-family: Tahoma;\">Il est, en outre, charg\u00e9 :<\/span><\/p>\n<div class=\"checklist\">\n<ul>\n<li><span style=\"font-size: 13px; font-family: Tahoma;\">D\u2019agr\u00e9er les sujets de recherche de post-graduation et en propose les jurys de soutenance,<\/span><\/li>\n<li><span style=\"font-size: 13px; font-family: Tahoma;\">De proposer les jurys d\u2019habilitation universitaire, <\/span><\/li>\n<li><span style=\"font-size: 13px; font-family: Tahoma;\">D\u2019examiner les bilans d&rsquo;activit\u00e9s p\u00e9dagogiques et scientifiques de la facult\u00e9 qui sont transmis par le doyen de la facult\u00e9, accompagn\u00e9s des avis et recommandations du conseil, au recteur.\u00a0<\/span><\/li>\n<li><span style=\"font-size: 13px; font-family: Tahoma;\">Il peut \u00eatre saisi de toute autre question d&rsquo;ordre p\u00e9dagogique ou scientifique qui lui est soumise par le doyen.<\/span><\/li>\n<\/ul>\n<\/div>\n","protected":false},"excerpt":{"rendered":"<p>[divider] Le conseil scientifique de la facult\u00e9 \u00e9met des avis et recommandations sur : L&rsquo;organisation et le contenu des enseignements, [&hellip;]<\/p>\n","protected":false},"author":7,"featured_media":0,"parent":0,"menu_order":0,"comment_status":"closed","ping_status":"closed","template":"","meta":{"_uag_custom_page_level_css":"","site-sidebar-layout":"default","site-content-layout":"","ast-site-content-layout":"default","site-content-style":"default","site-sidebar-style":"default","ast-global-header-display":"","ast-banner-title-visibility":"","ast-main-header-display":"","ast-hfb-above-header-display":"","ast-hfb-below-header-display":"","ast-hfb-mobile-header-display":"","site-post-title":"","ast-breadcrumbs-content":"","ast-featured-img":"","footer-sml-layout":"","ast-disable-related-posts":"","theme-transparent-header-meta":"","adv-header-id-meta":"","stick-header-meta":"","header-above-stick-meta":"","header-main-stick-meta":"","header-below-stick-meta":"","astra-migrate-meta-layouts":"default","ast-page-background-enabled":"default","ast-page-background-meta":{"desktop":{"background-color":"var(--ast-global-color-5)","background-image":"","background-repeat":"repeat","background-position":"center center","background-size":"auto","background-attachment":"scroll","background-type":"","background-media":"","overlay-type":"","overlay-color":"","overlay-opacity":"","overlay-gradient":""},"tablet":{"background-color":"","background-image":"","background-repeat":"repeat","background-position":"center center","background-size":"auto","background-attachment":"scroll","background-type":"","background-media":"","overlay-type":"","overlay-color":"","overlay-opacity":"","overlay-gradient":""},"mobile":{"background-color":"","background-image":"","background-repeat":"repeat","background-position":"center center","background-size":"auto","background-attachment":"scroll","background-type":"","background-media":"","overlay-type":"","overlay-color":"","overlay-opacity":"","overlay-gradient":""}},"ast-content-background-meta":{"desktop":{"background-color":"var(--ast-global-color-4)","background-image":"","background-repeat":"repeat","background-position":"center center","background-size":"auto","background-attachment":"scroll","background-type":"","background-media":"","overlay-type":"","overlay-color":"","overlay-opacity":"","overlay-gradient":""},"tablet":{"background-color":"var(--ast-global-color-4)","background-image":"","background-repeat":"repeat","background-position":"center center","background-size":"auto","background-attachment":"scroll","background-type":"","background-media":"","overlay-type":"","overlay-color":"","overlay-opacity":"","overlay-gradient":""},"mobile":{"background-color":"var(--ast-global-color-4)","background-image":"","background-repeat":"repeat","background-position":"center center","background-size":"auto","background-attachment":"scroll","background-type":"","background-media":"","overlay-type":"","overlay-color":"","overlay-opacity":"","overlay-gradient":""}},"footnotes":""},"class_list":["post-563","page","type-page","status-publish","hentry"],"uagb_featured_image_src":{"full":false,"thumbnail":false,"medium":false,"medium_large":false,"large":false,"1536x1536":false,"2048x2048":false},"uagb_author_info":{"display_name":"","author_link":"https:\/\/fsei.univ-chlef.dz\/?author=7"},"uagb_comment_info":0,"uagb_excerpt":"[divider] Le conseil scientifique de la facult\u00e9 \u00e9met des avis et recommandations sur : L&rsquo;organisation et le contenu des enseignements, [&hellip;]","_links":{"self":[{"href":"https:\/\/fsei.univ-chlef.dz\/index.php?rest_route=\/wp\/v2\/pages\/563","targetHints":{"allow":["GET"]}}],"collection":[{"href":"https:\/\/fsei.univ-chlef.dz\/index.php?rest_route=\/wp\/v2\/pages"}],"about":[{"href":"https:\/\/fsei.univ-chlef.dz\/index.php?rest_route=\/wp\/v2\/types\/page"}],"author":[{"embeddable":true,"href":"https:\/\/fsei.univ-chlef.dz\/index.php?rest_route=\/wp\/v2\/users\/7"}],"replies":[{"embeddable":true,"href":"https:\/\/fsei.univ-chlef.dz\/index.php?rest_route=%2Fwp%2Fv2%2Fcomments&post=563"}],"version-history":[{"count":16,"href":"https:\/\/fsei.univ-chlef.dz\/index.php?rest_route=\/wp\/v2\/pages\/563\/revisions"}],"predecessor-version":[{"id":7167,"href":"https:\/\/fsei.univ-chlef.dz\/index.php?rest_route=\/wp\/v2\/pages\/563\/revisions\/7167"}],"wp:attachment":[{"href":"https:\/\/fsei.univ-chlef.dz\/index.php?rest_route=%2Fwp%2Fv2%2Fmedia&parent=563"}],"curies":[{"name":"wp","href":"https:\/\/api.w.org\/{rel}","templated":true}]}}